 What is the units digit of w?
6
Let k = -5526 + 10578. What is the hundreds digit of k?
0
Let u(b) = b**3 + 2*b**2 - 2*b + 1. Let i be u(1). Suppose i*a - 42 - 20 = 0. What is the tens digit of a?
3
What is the thousands digit of 2/((-1)/(-515717)*19)?
4
Suppose 0 = -4*y + 3*x + 20, 0*y - x - 10 = -3*y. Suppose -3*v - y*k = 28, 4*v + 3*k = -31 - 7. Let l(h) = 2*h**2 + 5*h - 7. What is the units digit of l(v)?
1
Suppose -5*t + 3*d = -159090 + 33933, -3*t - 2*d = -75117. What is the ten thousands digit of t?
2
What is the hundreds digit of 9/45 - (-208645)/25?
3
Let b be ((-12)/(-27))/((-18)/(-81)). Let h be (20/(-16))/(b - (-63)/(-32)). Let s = h - -54. What is the units digit of s?
4
Suppose 46*a + 230 - 13570 = 0. What is the hundreds digit of a?
2
Suppose -52387 = -5*x - 18*x + 28458. What is the thousands digit of x?
3
What is the ten thousands digit of 13/4 + -3 + 1045168/64?
1
Suppose 0 = 3*q - 5*v + 2 + 34, 5*q + 2*v + 91 = 0. Let t = 19 + q. Suppose -2*y + 3*l + 249 = 0, -4*y + t*l = -0*l - 494. What is the tens digit of y?
2
Suppose -30*x - 28*x + 2549778 = 8*x. What is the thousands digit of x?
8
Let i(y) = -y**3 - 24*y**2 - 43*y - 6. Let n be i(-21). Let u = 727 + n. What is the hundreds digit of u?
3
Let l(z) = -5*z**3 + 5*z**2 - 75*z + 42. What is the units digit of l(-11)?
7
Suppose 7*z + 17*z = 1632. Suppose 4*k - 5*x = 278, -55*k - 2*x - z = -56*k. What is the tens digit of k?
7
Let f(y) be the first derivative of -y**4/4 + 5*y**3/3 - 3*y**2/2 + 15*y + 74. What is the tens digit of f(-6)?
2
Let h = -71 - -4264. What is the units digit of h?
3
Suppose 13*u = 3*u + 38820. What is the tens digit of u?
8
Suppose -59 + 155 = 4*y. Let w be (-362)/((-1)/(-1) + y/(-8)). Let v = w + -91. What is the units digit of v?
0
Let a = -3695 - -6941. What is the hundreds digit of a?
2
Let k(x) = x**3 - 16*x**2 + 31*x + 16. Let f be k(14). Let s = -58 + f. What is the units digit of (-3)/(-7) + s - 760/(-7)?
9
Suppose 11537*l + 3036507 = 11604*l. What is the hundreds digit of l?
3
Suppose 19*d + 8746 = 110966. What is the tens digit of d?
8
Let k = -831 - -750. Suppose 2*f + f = 2*c + 493, 729 = -3*c + f. Let a = k - c. What is the hundreds digit of a?
1
Suppose i = -0*r + 4*r + 261, 3*r = 5*i - 1356. Let y = 866 + i. What is the hundreds digit of y?
1
Let f(p) = p**2 - 2*p. Let w be f(3). Suppose 5*s + 1 = -19, -3*a - 11 = 2*s. Let h = a + w. What is the units digit of h?
2
Suppose -4*z = -6*z - 16. Let p be -4 - z - (8 + -3). What is the tens digit of -3 + 91 + p + 0?
8
Suppose 3*q = -i - 1, 5*q + 9 + 4 = 4*i. Let l be q/(-2)*(199 + 1). Suppose -9*a + 10*a = l. What is the units digit of a?
0
Let x(n) = -n**3 + 19*n**2 + 2*n - 31. Let w(d) = -d**2. Let r(m) = -6*w(m) - x(m). Let p be r(13). What is the hundreds digit of 1*p/((-20)/(-424))?
1
Let x = 781 - 387. Let y = x + 124. What is the tens digit of y?
1
Let j be (3 - 2)/(5/(-10)). Let x be (5 - -5)/(j/40). Let v = 301 + x. What is the units digit of v?
1
Let s(p) = p**2 + 10*p + 24. Let o be s(-6). Let q = o - -5. Suppose q*z - 2*z = 294. What is the tens digit of z?
9
Let g be (1 - (-405)/(-2))/((-1)/(-2)). Let j = g + 604. Let d = 347 - j. What is the tens digit of d?
4
Let x(m) = -443*m + 6340. What is the hundreds digit of x(-34)?
4
Suppose -2*j - 261 = 3*z, -z + 343 = -5*z - j. Let v = -82 - z. Let b(t) = 3*t**3 + 6*t**2 - 4*t - 3. What is the units digit of b(v)?
0
Let b(x) = 1639*x**2 - 98*x + 666. What is the hundreds digit of b(7)?
2
Let r = 202 - 212. What is the hundreds digit of ((-2)/8)/(r/4280)?
1
Suppose 2*i = 10, -49*g + 12825 = -54*g + 3*i. Let v = -1797 - g. What is the tens digit of v?
6
Let p = 396 - 391. What is the hundreds digit of 1/(p - 3)*29*18?
2
Suppose -7*j + 3*j + 76 = 0. Suppose 0 = j*l - 12*l + 651. Let r = l - -206. What is the hundreds digit of r?
1
Let u = -6253 + 12382. What is the thousands digit of u?
6
Let z = 94 - 19. What is the tens digit of (-1 + 2)/(3*1/z)?
2
Suppose -373657 - 432769 = -44*q - 212778. What is the hundreds digit of q?
4
Let k = 96 - 75. Let z(w) = -6*w**2 + 13*w + 14. Let d(l) = 5*l**2 - 13*l - 14. Let u(t) = 5*d(t) + 4*z(t). What is the hundreds digit of u(k)?
1
Let r be ((-10)/20)/(7/3794). Let p = -120 - r. What is the hundreds digit of p?
1
Let y = -12002 + 18586. Suppose -9*z = -1381 - y. What is the hundreds digit of z?
8
What is the hundreds digit of (-5297 + -100)*8/(-6)?
1
Let m(r) = 4520*r**2 - 27*r - 6. What is the tens digit of m(2)?
2
Suppose 15 = s + 4. Let k(x) = 20*x + 199. Let g be k(-10). What is the units digit of (s - -59) + g*5?
5
Let r(m) = -m + 9. Let i be r(7). Suppose 5*p = -o - o + 19, -3*o = -i*p. Suppose 0 = 4*w - 3*k - 836, -252 = -o*w + 2*k + 164. What is the hundreds digit of w?
2
Suppose n = -d - d + 11, 3*d = n + 4. Suppose 0 = -3*j - 2*a + 133, -n*j + 234 - 23 = -2*a. What is the units digit of j?
3
Suppose 2043*i - 2075*i = -632832. What is the ten thousands digit of i?
1
Let l(m) = 3*m**2 + 2*m + 2. Let i be l(-1). Let k(j) = -5 - 3 + 0 + 9*j + 5. What is the tens digit of k(i)?
2
Suppose 61430 = 5*d + 20825. What is the tens digit of d?
2
Suppose -2*y - 4*d - 276 = 2*y, 0 = 3*y - d + 203. Let m = y - -71. Suppose -7*b + 6 = -8*b + m*r, -3*b - 4*r = -21. What is the units digit of b?
3
Let b = 9312 - 3116. What is the thousands digit of b?
6
Let n be -48 + 1 + -3 + -1. Let s = n - -49. What is the hundreds digit of s/(340/(-336) - 1/(-1))?
1
Let c be (-79)/(-11) + (7 - (-790)/(-110)). Let p(d) = 3*d**2 + d + 112. What is the tens digit of p(c)?
6
Suppose 1258 = -5*l + d + 129075, 51131 = 2*l - d. What is the hundreds digit of l?
5
Let t(n) = -5*n - 6. Let m be t(-2). Let h(g) = -2*g + 10. Let c be h(m). Suppose -c*p = -3*u + 145, p - 175 = -u - 3*u. What is the units digit of u?
5
Let a(k) = k**3 + 3*k**2 - k - 7. Let p be a(-5). Let d(n) = 9*n - 87. Let t be d(9). Let x = t - p. What is the tens digit of x?
4
Let a(h) = h + 11. Let p be a(-7). Let c be ((-36)/7 + 4)*(-21)/6. Suppose p*z + 78 = t, -c*t + 7*z + 345 = 2*z. What is the units digit of t?
0
Suppose 23360 = 3*v - 8*f, -7775 = 5*v - 6*v + f. What is the units digit of v?
8
Let x(f) = 1177*f + 369. What is the hundreds digit of x(4)?
0
What is the ten thousands digit of (8 + -1)/(-77) + 3719592/209?
1
Let g(s) = -42*s + 110. What is the hundreds digit of g(-50)?
2
Suppose 9*a - 12*a + 9 = 5*f, 4*f = -3*a + 6. Suppose -3*t = -2*j - 94, f*j = 1 + 11. What is the tens digit of t?
3
Let d(w) be the second derivative of -11*w**3/6 - 3*w**2/2 - 14*w. Let a be d(-1). Suppose a*i - 567 = -i. What is the tens digit of i?
6
Let g(u) = u**3 - 7*u**2 + 9*u - 13. Let n be g(6). Suppose 5*c + 8 = m, n*c - 4 = 3*m - 8. What is the units digit of (((-8)/6)/m)/((-8)/(-36))?
3
Let p(n) = 27*n - 266. What is the hundreds digit of p(16)?
1
Let t be 24/(-8)*1*-1. Suppose t*d + 1728 = v, 5*d + 2605 = 4*v - 4300. What is the tens digit of v?
2
Suppose 0 = -4*s + 20 - 12. Suppose 0 = -5*t + 2*p + 235, s*t - p = 77 + 18. Let i = 144 - t. What is the tens digit of i?
9
Let c(g) = -g**3 - 6*g**2 - 5*g + 9. Let t be c(-5). Suppose 0 = -t*j + 12*j + 36. What is the tens digit of (-434)/j + 3/(-18)?
3
Let n = -385 + 386. What is the tens digit of -3 - (-622 + 0)*n?
1
Let n be -2*(-1)/(-8) - (-1057)/(-28). What is the tens digit of (n - 92)*10/(-4)?
2
Suppose 28*g - 25*g - n - 1162 = 0, 5*g - 4*n - 1939 = 0. Suppose -g = 7*v - 3110. What is the units digit of v?
9
Let x = 39472 + -25801. What is the units digit of x?
1
Suppose -2*j + b = -17728, -86*b = j - 84*b - 8874. What is the tens digit of j?
6
Suppose 0 = 4*c - t - 107749 + 28019, -59784 = -3*c + 3*t. What is the units digit of c?
4
Let p(f) be the first derivative of 101*f**2/2 + 5*f + 49. What is the hundreds digit of p(2)?
2
Let g = -1681 + 3594. What is the hundreds digit of g?
9
Suppose l + 2*i - 4152 = 0, -4*l + 5*i = -22357 + 5671. What is the hundreds digit of l?
1
Let q(k) = k - 2. Let c(b) = 32*b - 133. Let p(x) = -c(x) + 3*q(x). What is the units digit of p(-3)?
4
Suppose -2213*r = -2233*r + 44920. What is the units digit of r?
6
Let w(i) = -18*i**3 + 10*i**2 + i + 151. What is the thousands digit of w(-9)?
4
Suppose 0 = -18*b + 63818 + 211276. What is the thousands digit of b?
5
Let k(v) = 3*v 